{"id":135,"date":"2021-06-12T20:36:27","date_gmt":"2021-06-12T18:36:27","guid":{"rendered":"https:\/\/schuetzen-verein.de\/?page_id=135"},"modified":"2025-06-29T19:37:08","modified_gmt":"2025-06-29T17:37:08","slug":"koenige","status":"publish","type":"page","link":"https:\/\/schuetzen-verein.de\/?page_id=135","title":{"rendered":"K\u00f6nige"},"content":{"rendered":"\n<figure class=\"wp-block-table is-style-stripes\"><table><tbody><tr><td>&nbsp; Jahr<\/td><td>K\u00f6nig \/ in<\/td><td>1. Adjutant \/ in<\/td><td>2. Adjutant \/ in<\/td><\/tr><tr><td>2025<\/td><td>Janine Gehlenborg, D\u00f6tlingen<\/td><td>Clara Meyer-Nicolaus<\/td><td>Antje Ka\u00dfner<\/td><\/tr><tr><td>2024<\/td><td>Henrik Scheele, Wildeshausen<\/td><td>Maik Scheele<\/td><td>Henry Selsemeier<\/td><\/tr><tr><td>2023<\/td><td>Erika Albrecht, Wildeshausen<\/td><td>Ann Christin Wolowski<\/td><td>Elke Dehn<\/td><\/tr><tr><td>2022<\/td><td>Annika Debbeler, D\u00fcngstrup<\/td><td>Ina Depken<\/td><td>Lena Depken<\/td><\/tr><tr><td>2021<\/td><td> kein Sch\u00fctzenfest (Corona) <\/td><td><\/td><td><\/td><\/tr><tr><td>2020<\/td><td> kein Sch\u00fctzenfest (Corona) <\/td><td><\/td><td><\/td><\/tr><tr><td>2019<\/td><td>nicht besetzt<\/td><td>nicht besetzt<\/td><td>nicht besetzt<\/td><\/tr><tr><td>2018<\/td><td>Maik Herzog, Wildeshausen<\/td><td>Stephen Scholz<\/td><td>Sabine Herzog<\/td><\/tr><tr><td>2017<\/td><td>Elke Dehn, Wildeshausen<\/td><td>Daniela Kassner<\/td><td>Holger Siemer<\/td><\/tr><tr><td>2016<\/td><td>Stefanie J\u00fctting, Brettorf<\/td><td>Holger Siemer<\/td><td>Elke Dehn<\/td><\/tr><tr><td>2015<\/td><td>Linda Brengelmann, L\u00fcerte<\/td><td>Holger Siemer<\/td><td>Hergen Stolle<\/td><\/tr><tr><td>2014<\/td><td>Gerold Meyer-Nicolaus, Wildeshausen<\/td><td>Holger Nicolaus<\/td><td>Dirk Depken<\/td><\/tr><tr><td>2013<\/td><td>Holger Siemer, Wildeshausen<\/td><td>Gerold Meyer-Nicolaus<\/td><td>Hans-Hermann Brengelmann<\/td><\/tr><tr><td>2012<\/td><td>Denis Nicolaus, Wildeshausen<\/td><td>Matthias Nicolaus<\/td><td>Nadine Nicolaus<\/td><\/tr><tr><td>2011<\/td><td>nicht besetzt<\/td><td>nicht besetzt<\/td><td>nicht besetzt<\/td><\/tr><tr><td>2010<\/td><td>Hergen Stolle, Holzhausen<\/td><td>J\u00fcrgen Reineberg<\/td><td>Erich Meyer<\/td><\/tr><tr><td>2009<\/td><td>Karsten Scheele, L\u00fcerte<\/td><td>Rainer Siemer<\/td><td>Manfred Picklapp<\/td><\/tr><tr><td>2008<\/td><td>nicht besetzt<\/td><td>nicht besetzt<\/td><td>nicht besetzt<\/td><\/tr><tr><td>2007<\/td><td>Dieter Schr\u00f6der, Wildeshausen<\/td><td>Reinhard Bartetzko<\/td><td>Hans-Hermann Brengelmann<\/td><\/tr><tr><td>2006<\/td><td>Egon Eilks, Wildeshausen<\/td><td>Bernhard Spille<\/td><td>Matthias Nicolaus<\/td><\/tr><tr><td>2005<\/td><td>Dirk Depken, Wildeshausen<\/td><td>Martin Poppe<\/td><td>Holger Siemer<\/td><\/tr><tr><td>2004<\/td><td>Reinhard Bartetzko, Wildeshausen<\/td><td>Dieter Schr\u00f6der<\/td><td>Linda Brengelmann<\/td><\/tr><tr><td>2003<\/td><td>Matthias Nicolaus, Wildeshausen<\/td><td>Dieter Nicolaus<\/td><td>Jurina Michelbrand<\/td><\/tr><tr><td>2002<\/td><td>Hans-Hermann Brengelmann, L\u00fcerte<\/td><td>Heinz-G\u00fcnther Krause<\/td><td>Anke Nicolaus<\/td><\/tr><tr><td>2001<\/td><td>Manfred Klostermann, L\u00fcerte<\/td><td>Hermann Metzner<\/td><td>J\u00fcrgen Reineberg<\/td><\/tr><tr><td>2000<\/td><td>Antje Riese, Wildeshausen<\/td><td>Ewald Brengelmann<\/td><td>Bernhard Spille<\/td><\/tr><tr><td>1999<\/td><td>Heinz-G\u00fcnter Krause, D\u00fcngstrup<\/td><td>Theo Riese<\/td><td>Michael Kl\u00e4ner<\/td><\/tr><tr><td>1998<\/td><td>Bernhard Spille, Wildeshausen<\/td><td>Peter Klabes<\/td><td>Sandra Nicolaus<\/td><\/tr><tr><td>1997<\/td><td>Theo Riese, Bremen<\/td><td>Wilfried Meyer<\/td><td>Willi Depken<\/td><\/tr><tr><td>1996<\/td><td>Gerd Eilers, Holzhausen<\/td><td>Antje Riese<\/td><td>Gerold Meyer-Nicolaus<\/td><\/tr><tr><td>1995<\/td><td>J\u00fcrgen Reineberg, Holzhausen<\/td><td>Horst Ahrens<\/td><td>Fritz V\u00f6lz<\/td><\/tr><tr><td>1994<\/td><td>Heike Poppe, Bargloy<\/td><td>Ewald Brengelmann<\/td><td>Dieter Nicolaus<\/td><\/tr><tr><td>1993<\/td><td>Heinrich Eilers, Aschenstedt<\/td><td>J\u00f6rg Kuraschinski<\/td><td>Bernhard Spille<\/td><\/tr><tr><td>1992<\/td><td>Holger Nicolaus, Bargloy<\/td><td>Heiko Marchewa<\/td><td>J\u00fcrgen Meier<\/td><\/tr><tr><td>1991<\/td><td>Willi Depken, Wildeshausen<\/td><td>Ewald Arnds<\/td><td>Heinrich Reineberg<\/td><\/tr><tr><td>1990<\/td><td>Barbara Klostermann, Wildeshausen<\/td><td>Karsten Scheele<\/td><td>Luise Ahrens<\/td><\/tr><tr><td>1989<\/td><td>Erika Frerichs, Wildeshausen<\/td><td>Ernst Scheirer<\/td><td>Horst Ahrens<\/td><\/tr><tr><td>1988<\/td><td>Heiko Marchewa, L\u00fcerte<\/td><td>Ewald Brengelmann<\/td><td>Barbara Klostermann<\/td><\/tr><tr><td>1987<\/td><td>Horst Ahrens, Wildeshausen<\/td><td>Erika Frerichs<\/td><td>Waltraud Kleine<\/td><\/tr><tr><td>1986<\/td><td>Ewald Brengelmann, L\u00fcerte<\/td><td>Heiko J\u00fctting<\/td><td>Dirk Depken<\/td><\/tr><tr><td>1985<\/td><td>Wilfried Kleine, Wildeshausen<\/td><td>Manfred Klostermann<\/td><td>Heiko Marchewa<\/td><\/tr><tr><td>1984<\/td><td>G\u00fcnther Reineberg, Holzhausen<\/td><td>Heinrich Flege<\/td><td>Herbert M\u00fcller-Bargloy<\/td><\/tr><tr><td>1983<\/td><td>Manfred Klostermann, L\u00fcerte<\/td><td>Ernst Scheirer<\/td><td>G\u00fcnther Reineberg<\/td><\/tr><tr><td>1982<\/td><td>Hans-Hermann Brengelmann, L\u00fcerte<\/td><td>Horst Ahrens<\/td><td>Georg Ellerhorst<\/td><\/tr><tr><td>1981<\/td><td>Gunda Oltmann, Aum\u00fchle<\/td><td>Josef Bramlage<\/td><td>Johann Garms<\/td><\/tr><tr><td>1980<\/td><td>Ernst Scheirer, L\u00fcerte<\/td><td>Heinrich Scheele<\/td><td>Erich Kolzelnik<\/td><\/tr><tr><td>1979<\/td><td>Karl Mahlstedt, sen., Holzhausen<\/td><td>Hermann Siemer<\/td><td>Manfred Picklapp<\/td><\/tr><tr><td>1978<\/td><td>Werner Oltmann, Aum\u00fchle<\/td><td>Heinrich Reineberg<\/td><td>Hajo Gramberg<\/td><\/tr><tr><td>1977<\/td><td>Wilfried Oltmann, Holzhausen<\/td><td>Heinz Kahlenberg<\/td><td>Kurt Rogalski<\/td><\/tr><tr><td>1976<\/td><td>Josef Bramlage, Wildeshausen<\/td><td>Ewald Arnds<\/td><td>Wilfried Oltmann<\/td><\/tr><tr><td>1975<\/td><td>Heinz Kahlenberg, Holzhausen<\/td><td>Gerd Eilers<\/td><td>Walter R\u00fcdebusch<\/td><\/tr><tr><td>1974<\/td><td>Peter G\u00f6rke, Wildeshausen<\/td><td>Hans-Hermann Brengelmann<\/td><td>Hinrich Scheele<\/td><\/tr><tr><td>1973<\/td><td>Ewald Arnds, L\u00fcerte<\/td><td>Josef Bramlage<\/td><td>G\u00fcnther Reineberg<\/td><\/tr><tr><td>1972<\/td><td>Herbert M\u00fcller-Bargloy,Bargloy<\/td><td>Georg Ellerhorst<\/td><td>Heinrich Scheele<\/td><\/tr><tr><td>1971<\/td><td>Heinrich Flege, Holzhausen<\/td><td>Karl Mahlstedt, sen.<\/td><td>Rolf B\u00f6hme<\/td><\/tr><tr><td>1970<\/td><td>Wilhelm Picklapp, L\u00fcerte<\/td><td>Ewald Arnds<\/td><td>Herbert M\u00fcller-Bargloy<\/td><\/tr><tr><td>1969<\/td><td>Jan Oltmann, Holzhausen<\/td><td>Walter Mahlstedt<\/td><td>Otto Flege<\/td><\/tr><tr><td>1968<\/td><td>Bernhard Bleydorn, D\u00fcngstrup<\/td><td>Hermann Asche<\/td><td>Hein Kahlenberg<\/td><\/tr><tr><td>1967<\/td><td>Otto Flege, Wildeshausen<\/td><td>Jan Oltmann<\/td><td>Walter R\u00fcdebusch<\/td><\/tr><tr><td>1966<\/td><td>Heinrich H\u00fcls, Wildeshausen<\/td><td>Hinrich Scheele<\/td><td>Erich Picklapp<\/td><\/tr><tr><td>1965<\/td><td>Werner Reineberg, Holzhausen<\/td><td>Walter R\u00fcdebusch<\/td><td>Heinrich Reineberg<\/td><\/tr><tr><td>1964<\/td><td>Hinrich Flege, Bargloy<\/td><td>Werner J\u00fctting<\/td><td>Ewald Brengelmann<\/td><\/tr><tr><td>1963<\/td><td>Hinrich Scheele, L\u00fcerte<\/td><td>Helmut Picklapp<\/td><td>Hermann Scheller<\/td><\/tr><tr><td>1962<\/td><td>Hermann Stolle, Holzhausen<\/td><td>Heinrich Barjenbruch<\/td><td>Heinrich Flege<\/td><\/tr><tr><td>1961<\/td><td>G\u00fcnter Grashorn, L\u00fcerte<\/td><td>Hermann Siemer<\/td><td>Helmut Meyer<\/td><\/tr><tr><td>1960<\/td><td>Otto Picklapp, Th\u00f6lstedt<\/td><td><\/td><td><\/td><\/tr><tr><td>1959<\/td><td>Erna Paasch-Roselt, Wildeshausen<\/td><td>Hermann Asche<\/td><td>Werner J\u00fctting<\/td><\/tr><tr><td>1958<\/td><td>Heinz Sch\u00f6nfeld, L\u00fcerte<\/td><td>Erich Kotzelnek<\/td><td>Fredi Schillm\u00fcller<\/td><\/tr><tr><td>1957<\/td><td>Wilhelm Stolle, Th\u00f6lstedt<\/td><td><\/td><td><\/td><\/tr><tr><td>1956<\/td><td>Hermann Siemer, L\u00fcerte<\/td><td>G\u00fcnter Grashorn<\/td><td>Hermann Asche<\/td><\/tr><tr><td>1955<\/td><td>G\u00fcnter B\u00fchrmann, Hesterh\u00f6ge<\/td><td>Wilhelm Stolle<\/td><td><\/td><\/tr><tr><td>1954<\/td><td>Werner J\u00fctting, L\u00fcerte<\/td><td><\/td><td><\/td><\/tr><tr><td>1953<\/td><td>Wilhelm Picklapp, Holzhausen<\/td><td>Georg Meyer<\/td><td>Herbert Rohloff<\/td><\/tr><tr><td>1952<\/td><td>Fritz Nordmann, Wildeshausen<\/td><td>Herbert M\u00fcller-Bargloy<\/td><td>Otto Martens<\/td><\/tr><tr><td>1951<\/td><td>Wilhelm Stolle, Th\u00f6lstedt<\/td><td><\/td><td><\/td><\/tr><tr><td>1950<\/td><td>Johann Siemer, L\u00fcerte<\/td><td><\/td><td><\/td><\/tr><tr><td>1939<\/td><td>Friedrich Graue<\/td><td><\/td><td><\/td><\/tr><tr><td>1938<\/td><td>Emil Flege<\/td><td><\/td><td><\/td><\/tr><tr><td>1937<\/td><td>Wilhelm Buchtmann<\/td><td><\/td><td><\/td><\/tr><tr><td>1936<\/td><td>Heinrich D\u00fccker<\/td><td><\/td><td><\/td><\/tr><tr><td>1935<\/td><td>Hermann Wachtendorf<\/td><td><\/td><td><\/td><\/tr><tr><td>1934<\/td><td>Hugo Scheele<\/td><td><\/td><td><\/td><\/tr><tr><td>1933<\/td><td>Wilhelm Stolle<\/td><td><\/td><td><\/td><\/tr><tr><td>1932<\/td><td>Otto Nadermann<\/td><td><\/td><td><\/td><\/tr><tr><td>1931<\/td><td>Richard Wigger<\/td><td><\/td><td><\/td><\/tr><tr><td>1930<\/td><td>Heinrich Grashorn<\/td><td><\/td><td><\/td><\/tr><tr><td>1929<\/td><td>Heinrich Twisterling<\/td><td><\/td><td><\/td><\/tr><tr><td>1928<\/td><td>Hermann Wulferding<\/td><td><\/td><td><\/td><\/tr><tr><td>1927<\/td><td>Johann Siemer<\/td><td><\/td><td><\/td><\/tr><tr><td>1926<\/td><td>Erich Wolter<\/td><td><\/td><td><\/td><\/tr><tr><td>1925<\/td><td>Fr. Karsch<\/td><td><\/td><td><\/td><\/tr><tr><td>1924<\/td><td>F. Sandkuhl<\/td><td><\/td><td><\/td><\/tr><tr><td>1923<\/td><td>Otto Stolle<\/td><td><\/td><td><\/td><\/tr><tr><td>1922<\/td><td>F. M\u00fcller<\/td><td><\/td><td><\/td><\/tr><tr><td>1914<\/td><td>Wilh. Buchtmann<\/td><td><\/td><td><\/td><\/tr><tr><td>1913<\/td><td>&#8211;<\/td><td><\/td><td><\/td><\/tr><tr><td>1912<\/td><td>Jul. Eilers<\/td><td><\/td><td><\/td><\/tr><tr><td>1911<\/td><td>&#8211;<\/td><td><\/td><td><\/td><\/tr><tr><td>1910<\/td><td>&#8211;<\/td><td><\/td><td><\/td><\/tr><tr><td>1909<\/td><td>W. Buchtmann<\/td><td><\/td><td><\/td><\/tr><tr><td>1908<\/td><td>Jul. Eilers<\/td><td><\/td><td><\/td><\/tr><tr><td>1907<\/td><td>H. Heckmann, Rechterfeld<\/td><td><\/td><td><\/td><\/tr><\/tbody><\/table><\/figure>\n\n\n\n<p><\/p>\n","protected":false},"excerpt":{"rendered":"<p>&nbsp; Jahr K\u00f6nig \/ in 1. Adjutant \/ in 2. Adjutant \/ in 2025 Janine Gehlenborg, D\u00f6tlingen Clara Meyer-Nicolaus Antje [&hellip;]<\/p>\n","protected":false},"author":1,"featured_media":0,"parent":0,"menu_order":0,"comment_status":"closed","ping_status":"closed","template":"","meta":{"site-sidebar-layout":"default","site-content-layout":"","ast-site-content-layout":"default","site-content-style":"default","site-sidebar-style":"default","ast-global-header-display":"","ast-banner-title-visibility":"","ast-main-header-display":"","ast-hfb-above-header-display":"","ast-hfb-below-header-display":"","ast-hfb-mobile-header-display":"","site-post-title":"","ast-breadcrumbs-content":"","ast-featured-img":"","footer-sml-layout":"","ast-disable-related-posts":"","theme-transparent-header-meta":"","adv-header-id-meta":"","stick-header-meta":"","header-above-stick-meta":"","header-main-stick-meta":"","header-below-stick-meta":"","astra-migrate-meta-layouts":"default","ast-page-background-enabled":"default","ast-page-background-meta":{"desktop":{"background-color":"var(--ast-global-color-5)","background-image":"","background-repeat":"repeat","background-position":"center center","background-size":"auto","background-attachment":"scroll","background-type":"","background-media":"","overlay-type":"","overlay-color":"","overlay-opacity":"","overlay-gradient":""},"tablet":{"background-color":"","background-image":"","background-repeat":"repeat","background-position":"center center","background-size":"auto","background-attachment":"scroll","background-type":"","background-media":"","overlay-type":"","overlay-color":"","overlay-opacity":"","overlay-gradient":""},"mobile":{"background-color":"","background-image":"","background-repeat":"repeat","background-position":"center center","background-size":"auto","background-attachment":"scroll","background-type":"","background-media":"","overlay-type":"","overlay-color":"","overlay-opacity":"","overlay-gradient":""}},"ast-content-background-meta":{"desktop":{"background-color":"var(--ast-global-color-4)","background-image":"","background-repeat":"repeat","background-position":"center center","background-size":"auto","background-attachment":"scroll","background-type":"","background-media":"","overlay-type":"","overlay-color":"","overlay-opacity":"","overlay-gradient":""},"tablet":{"background-color":"var(--ast-global-color-4)","background-image":"","background-repeat":"repeat","background-position":"center center","background-size":"auto","background-attachment":"scroll","background-type":"","background-media":"","overlay-type":"","overlay-color":"","overlay-opacity":"","overlay-gradient":""},"mobile":{"background-color":"var(--ast-global-color-4)","background-image":"","background-repeat":"repeat","background-position":"center center","background-size":"auto","background-attachment":"scroll","background-type":"","background-media":"","overlay-type":"","overlay-color":"","overlay-opacity":"","overlay-gradient":""}},"footnotes":""},"class_list":["post-135","page","type-page","status-publish","hentry"],"_links":{"self":[{"href":"https:\/\/schuetzen-verein.de\/index.php?rest_route=\/wp\/v2\/pages\/135","targetHints":{"allow":["GET"]}}],"collection":[{"href":"https:\/\/schuetzen-verein.de\/index.php?rest_route=\/wp\/v2\/pages"}],"about":[{"href":"https:\/\/schuetzen-verein.de\/index.php?rest_route=\/wp\/v2\/types\/page"}],"author":[{"embeddable":true,"href":"https:\/\/schuetzen-verein.de\/index.php?rest_route=\/wp\/v2\/users\/1"}],"replies":[{"embeddable":true,"href":"https:\/\/schuetzen-verein.de\/index.php?rest_route=%2Fwp%2Fv2%2Fcomments&post=135"}],"version-history":[{"count":9,"href":"https:\/\/schuetzen-verein.de\/index.php?rest_route=\/wp\/v2\/pages\/135\/revisions"}],"predecessor-version":[{"id":593,"href":"https:\/\/schuetzen-verein.de\/index.php?rest_route=\/wp\/v2\/pages\/135\/revisions\/593"}],"wp:attachment":[{"href":"https:\/\/schuetzen-verein.de\/index.php?rest_route=%2Fwp%2Fv2%2Fmedia&parent=135"}],"curies":[{"name":"wp","href":"https:\/\/api.w.org\/{rel}","templated":true}]}}