{"id":117,"date":"2021-06-12T16:57:08","date_gmt":"2021-06-12T14:57:08","guid":{"rendered":"https:\/\/schuetzen-verein.de\/?page_id=117"},"modified":"2022-06-24T06:52:36","modified_gmt":"2022-06-24T04:52:36","slug":"koenigshaeuser","status":"publish","type":"page","link":"https:\/\/schuetzen-verein.de\/?page_id=117","title":{"rendered":"K\u00f6nigsh\u00e4user"},"content":{"rendered":"\n<p>&#8230; werden in drei verschiedenen Altersgruppen ermittelt. Innerhalb der jeweiligen K\u00f6nigsh\u00e4user wird die Gleichberechtigung gro\u00dfgeschrieben, d. h. auch eine Dame kann &#8222;unser Sch\u00fctzenk\u00f6nig&#8220; werden.<\/p>\n\n\n\n<p>Die drei K\u00f6nigsh\u00e4user sind:<\/p>\n\n\n\n<ul class=\"wp-block-list\"><li><strong><a data-type=\"page\" data-id=\"123\" href=\"https:\/\/schuetzen-verein.de\/?page_id=123\">1.\u00a0Kinder-K\u00f6nigshaus<\/a><\/strong><br>Der \/ die K\u00f6nig \/in und die Adjutanten der Kinder werden mit der Rika Lichtpunktanlage ermittelt.<br>Die Bedingungen im Kurzen: 3 Schuss &#8222;aufgelegt&#8220;, H\u00f6chstalter 14 Jahre.<\/li><li><strong><a data-type=\"page\" data-id=\"130\" href=\"https:\/\/schuetzen-verein.de\/?page_id=130\">2.\u00a0Jugend-K\u00f6nigshaus<\/a><\/strong><br>Der \/ die K\u00f6nig \/in und die Adjutanten der Jugendlichen werden mit dem Luftgewehr ermittelt.<br>Die Bedingungen im Kurzen: 6 Schuss stehend, freih\u00e4ndig, 15 Jahre &#8211; H\u00f6chstalter 20 Jahre.<\/li><li><strong><a data-type=\"page\" data-id=\"135\" href=\"https:\/\/schuetzen-verein.de\/?page_id=135\">3.\u00a0K\u00f6nigshaus<\/a><\/strong><br>Der \/ die K\u00f6nig \/in und die Adjutanten der &#8222;Erwachsenen&#8220; werden mit dem Kleinkalibergewehr ermittelt.<br>Die Bedingungen im Kurzen: 3 Schuss &#8222;aufgelegt&#8220; auf eine automatische Scheibe, Mindestalter 21 Jahre. Besonderheit: f\u00fcr die Sch\u00fctzen ab 46 Jahren gibt es eine Ringzahlerh\u00f6hung vom 1 Ring, ab 56 Jahren um 2 Ringe, ab 66 Jahren um 3 Ringe. Es k\u00f6nnen jedoch nicht mehr als 30 Ringe, trotz Ringzahlerh\u00f6hung, erreicht werden.<\/li><\/ul>\n","protected":false},"excerpt":{"rendered":"<p>&#8230; werden in drei verschiedenen Altersgruppen ermittelt. Innerhalb der jeweiligen K\u00f6nigsh\u00e4user wird die Gleichberechtigung gro\u00dfgeschrieben, d. h. auch eine Dame [&hellip;]<\/p>\n","protected":false},"author":1,"featured_media":0,"parent":0,"menu_order":0,"comment_status":"closed","ping_status":"closed","template":"","meta":{"site-sidebar-layout":"default","site-content-layout":"","ast-site-content-layout":"default","site-content-style":"default","site-sidebar-style":"default","ast-global-header-display":"","ast-banner-title-visibility":"","ast-main-header-display":"","ast-hfb-above-header-display":"","ast-hfb-below-header-display":"","ast-hfb-mobile-header-display":"","site-post-title":"","ast-breadcrumbs-content":"","ast-featured-img":"","footer-sml-layout":"","ast-disable-related-posts":"","theme-transparent-header-meta":"","adv-header-id-meta":"","stick-header-meta":"","header-above-stick-meta":"","header-main-stick-meta":"","header-below-stick-meta":"","astra-migrate-meta-layouts":"default","ast-page-background-enabled":"default","ast-page-background-meta":{"desktop":{"background-color":"var(--ast-global-color-5)","background-image":"","background-repeat":"repeat","background-position":"center center","background-size":"auto","background-attachment":"scroll","background-type":"","background-media":"","overlay-type":"","overlay-color":"","overlay-opacity":"","overlay-gradient":""},"tablet":{"background-color":"","background-image":"","background-repeat":"repeat","background-position":"center center","background-size":"auto","background-attachment":"scroll","background-type":"","background-media":"","overlay-type":"","overlay-color":"","overlay-opacity":"","overlay-gradient":""},"mobile":{"background-color":"","background-image":"","background-repeat":"repeat","background-position":"center center","background-size":"auto","background-attachment":"scroll","background-type":"","background-media":"","overlay-type":"","overlay-color":"","overlay-opacity":"","overlay-gradient":""}},"ast-content-background-meta":{"desktop":{"background-color":"var(--ast-global-color-4)","background-image":"","background-repeat":"repeat","background-position":"center center","background-size":"auto","background-attachment":"scroll","background-type":"","background-media":"","overlay-type":"","overlay-color":"","overlay-opacity":"","overlay-gradient":""},"tablet":{"background-color":"var(--ast-global-color-4)","background-image":"","background-repeat":"repeat","background-position":"center center","background-size":"auto","background-attachment":"scroll","background-type":"","background-media":"","overlay-type":"","overlay-color":"","overlay-opacity":"","overlay-gradient":""},"mobile":{"background-color":"var(--ast-global-color-4)","background-image":"","background-repeat":"repeat","background-position":"center center","background-size":"auto","background-attachment":"scroll","background-type":"","background-media":"","overlay-type":"","overlay-color":"","overlay-opacity":"","overlay-gradient":""}},"footnotes":""},"class_list":["post-117","page","type-page","status-publish","hentry"],"_links":{"self":[{"href":"https:\/\/schuetzen-verein.de\/index.php?rest_route=\/wp\/v2\/pages\/117","targetHints":{"allow":["GET"]}}],"collection":[{"href":"https:\/\/schuetzen-verein.de\/index.php?rest_route=\/wp\/v2\/pages"}],"about":[{"href":"https:\/\/schuetzen-verein.de\/index.php?rest_route=\/wp\/v2\/types\/page"}],"author":[{"embeddable":true,"href":"https:\/\/schuetzen-verein.de\/index.php?rest_route=\/wp\/v2\/users\/1"}],"replies":[{"embeddable":true,"href":"https:\/\/schuetzen-verein.de\/index.php?rest_route=%2Fwp%2Fv2%2Fcomments&post=117"}],"version-history":[{"count":4,"href":"https:\/\/schuetzen-verein.de\/index.php?rest_route=\/wp\/v2\/pages\/117\/revisions"}],"predecessor-version":[{"id":254,"href":"https:\/\/schuetzen-verein.de\/index.php?rest_route=\/wp\/v2\/pages\/117\/revisions\/254"}],"wp:attachment":[{"href":"https:\/\/schuetzen-verein.de\/index.php?rest_route=%2Fwp%2Fv2%2Fmedia&parent=117"}],"curies":[{"name":"wp","href":"https:\/\/api.w.org\/{rel}","templated":true}]}}